6, what is -2e9a8 - -741?
-2e267
In base 4, what is 203121330 - 2203?
203113121
In base 14, what is 11 + -69469?
-69458
In base 13, what is -26cc + -104c?
-374b
In base 15, what is -3 - -11107241?
1110723d
In base 13, what is -3 - -596394?
596391
In base 15, what is 3a0 - -37a2?
3b52
In base 5, what is -2244 + 1431313?
1424014
In base 10, what is -25791960 + -13?
-25791973
In base 9, what is 7387343 + -3?
7387340
In base 9, what is -2405 - -18503?
16087
In base 15, what is -43912 - 39?
-4394b
In base 15, what is -20c - -3c056?
3bd49
In base 13, what is a32 - -24b3?
3215
In base 8, what is 1 + -163333140?
-163333137
In base 8, what is -446 + -360160?
-360626
In base 7, what is -2 + -323502204?
-323502206
In base 5, what is -320024 + 4330411?
4010332
In base 15, what is 48d7c62a + -2?
48d7c628
In base 16, what is 1e81a + -e?
1e80c
In base 7, what is -423 - 3303554?
-3304310
In base 12, what is b29 + 1786?
26b3
In base 13, what is -4 + 253c4b?
253c47
In base 2, what is -1110110000011010001111000 + 10?
-1110110000011010001110110
In base 5, what is -2203 - 2101220?
-2103423
In base 10, what is 7859 - -1697?
9556
In base 11, what is -1604160 - -22?
-1604139
In base 10, what is -31764831 - 2?
-31764833
In base 15, what is -606e - 36?
-60a5
In base 3, what is -1121112 - -201210111?
200011222
In base 16, what is -32714a - 1?
-32714b
In base 8, what is -3037 + 260213?
255154
In base 9, what is -33576580 - -5?
-33576574
In base 11, what is 43296 + 49a?
43785
In base 6, what is 23155245 + 411?
23200100
In base 12, what is -527 + -55420?
-55947
In base 15, what is -4 + 1411b9e6?
1411b9e2
In base 15, what is 62ba8d + 7?
62ba95
In base 14, what is 443194 + -20?
443174
In base 13, what is -41c6c9cb + 1?
-41c6c9ca
In base 3, what is 1 + -102111102002?
-102111102001
In base 9, what is -3 + 168338?
168335
In base 9, what is -2153156267 - 1?
-2153156268
In base 6, what is -511 - -10212142?
10211231
In base 8, what is 71306343 + -5?
71306336
In base 5, what is -32331 - 112414?
-200300
In base 13, what is 55bc1 + 7?
55bc8
In base 6, what is 120305 + 131310?
252015
In base 13, what is -2 + 9bc7c1?
9bc7bc
In base 3, what is 110220021010010 + 112?
110220021010122
In base 5, what is -2 + -1113141320?
-1113141322
In base 7, what is -42 + 12136246?
12136204
In base 3, what is -112212012 - 22000012?
-211212101
In base 10, what is -502728 + -17?
-502745
In base 5, what is -30240034014 + 1?
-30240034013
In base 11, what is -a24 - 11a756?
-12067a
In base 3, what is -2012112000 - 1002?
-2012120002
In base 13, what is 27576 - -544?
27aba
In base 7, what is 2 - -526251134?
526251136
In base 11, what is -5 + 4154742?
4154738
In base 10, what is -96987 + -333?
-97320
In base 16, what is e0a - 7d4?
636
In base 12, what is -b3 - -b2593a?
b25847
In base 11, what is 6 - 224386a1?
-22438696
In base 5, what is 4 - -1201133044?
1201133103
In base 2, what is -10011000100 - 10000000011?
-100011000111
In base 4, what is 1231030 - -23223?
1320313
In base 12, what is 20 - b90727?
-b90707
In base 11, what is 54 + 105559?
105602
In base 3, what is -1121221022022202220 - -10?
-1121221022022202210
In base 14, what is 1 + 1a03997?
1a03998
In base 3, what is -2 - -100101010101110?
100101010101101
In base 2, what is 11111 + 100101100000101111110?
100101100000110011101
In base 8, what is -43 - 23461272?
-23461335
In base 14, what is -2380 - -2bb5?
835
In base 14, what is 7936 - -dc0?
8916
In base 12, what is 542a70 + -14?
542a58
In base 10, what is 4 - 21246923?
-21246919
In base 14, what is -5d564c + 1?
-5d564b
In base 13, what is -4 - -264a3943?
264a393c
In base 4, what is 213112 - -211130?
1030302
In base 3, what is -110222122011111 + -1?
-110222122011112
In base 15, what is 21d + 33395?
335b3
In base 4, what is 130011 - -11001?
201012
In base 11, what is 37065377 - -4?
37065380
In base 16, what is 63d + 33524?
33b61
In base 14, what is 9558 + 63a3?
1191b
In base 16, what is -2ca8b6 - 5e?
-2ca914
In base 14, what is 16d - 43252?
-430c3
In base 9, what is -34 + 247215?
247171
In base 11, what is 22539 - 5194?
18355
In base 9, what is -174 + 81404?
81220
In base 5, what is 1 - -124003444?
124004000
In base 3, what is 220222002002 + 1212?
220222010221
In base 2, what is 10010111001101110000111 + 101?
10010111001101110001100
In base 8, what is -14646442 + -2?
-14646444
In base 9, what is -42211281 - -3?
-42211277
In base 4, what is -1132233033 - -1022?
-1132232011
In base 2, what is -1001001011110010010 + 1001010?
-1001001011101001000
In base 13, what is -159 + 76b0b?
76982
In base 4, what is -11 - 1023033030223?
-1023033030300
In base 7, what is -344 + -156564?
-160241
In base 2, what is 11101100110011 - 10001101?
11101010100110
In base 12, what is 158b06 - -18?
158b22
In base 12, what is 4 + -298a6aa5?
-298a6aa1
In base 5, what is -4 + -43341022321?
-43341022330
In base 2, what is -100000111011 - 101100000100?
-1001100111111
In base 11, what is 7869958 + -1?
7869957
In base 3, what is 110201220110 - -22?
110201220202
In base 6, what is -1 + 550021041?
550021040
In base 11, what is 5 - 218a66a9?
-218a66a4
In base 15, what is -23b743 + -c?
-23b750
In base 13, what is a95 - -77?
b3c
In base 10, what is -356225602 + 5?
-356225597
In base 14, what is -58dba1 + 1a?
-58db85
In base 8, what is -21767613 + 36?
-21767555
In base 4, what is 11 + 2121132231213?
2121132231230
In base 16, what is 12e2087a - 5?
12e20875
In base 5, what is -1 - 20230024324?
-20230024330
In base 13, what is -4 + -845201?
-845205
In base 6, what is 3415 + 23355?
31214
In base 6, what is 353511 - 0?
353511
In base 14, what is -84bd + -285a?
-ad39
In base 8, what is 15 - -47264?
47301
In base 12, what is -b + -b2280?
-b228b
In base 4, what is 10202300122 + -3030?
10202231032
In base 14, what is a6b10 + -99?
a6a55
In base 5, what is 1113412110 - -133?
1113412243
In base 8, what is 171 + -16747335?
-16747144
In base 15, what is 14dd5e - -6?
14dd65
In base 9, what is 1852700508 - 2?
1852700506
In base 5, what is -1301222440 - -1?
-1301222434
In base 2, what is -1101101 - -11011100000111010010?
11011100000101100101
In base 7, what is 42003636 + -613?
42003023
In base 5, what is -1 + 1040043442404?
1040043442403
In base 6, what is 13555 - 221201?
-203202
In base 7, what is 111222 - 2355?
105534
In base 4, what is 1222300003133 + -20?
1222300003113
In base 15, what is 8 - 1b628e?
-1b6286
In base 4, what is -13131300312 - 20223?
-13131321201
In base 3, what is -2 - -102120112112000?
102120112111221
In base 9, what is 36 - -71710?
71746
In base 16, what is -1218f + -e1?
-12270
In base 12, what is 21a6a2 - 2?
21a6a0
In base 4, what is 31233033 - -301332?
32201031
In base 14, what is 9 + -bba34c8?
-bba34bd
In base 6, what is -33314421 + -11?
-33314432
In base 2, what is 10 - 111010011111000010011100111?
-111010011111000010011100101
In base 16, what is 3 - -754b08?
754b0b
In base 8, what is 112360602 - 74?
112360506
In base 5, what is -11410310240 - 0?
-11410310240
In base 12, what is 4 - -10a98a35?
10a98a39
In base 7, what is 220014 - 155?
216526
In base 3, what is -1222002 - -10101000?
1101221
In base 7, what is 2122205032 - -5?
2122205040
In base 15, what is 7d0 + 187c0?
190a0
In base 7, what is -21650615 + -1226?
-21652144
In base 5, what is 4122343232 + 10?
4122343242
In base 16, what is 1da78 - -10a?
1db82
In base 16, what is -7b61 + -2b?
-7b8c
In base 8, what is 760206 - -375?
760603
In base 4, what is 101 + 30323030330?
30323031031
In base 12, what is 4 - -71246347?
7124634b
In base 15, what is -b6c6 + -1ba?
-b891
In base 15, what is 40c5 + -144bb?
-103e6
In base 11, what is 14789330 - -12?
14789342
In base 4, what is 1003101221 + -103310?
1002331311
In base 7, what is -5 - -631326551?
631326543
In base 16, what is -9a72be4 + 2?
-9a72be2
In base 16, what is -37de + -7e1?
-3fbf
In base 4, what is -12122330 - 113113?
-12302103
In base 12, what is -13a - 1bb336?
-1bb474
In base 2, what is -10100000100000001 + 10000010111010?
-10010000001000111
In base 11, what is 16138 + -82?
16066
In base 7, what is 45463 - -140255?
216051
In base 4, what is -11 + -2132303012001?
-2132303012012
In base 11, what is 1552983 + 6?
1552989
In base 9, what is -13613 + 2250?
-11353
In base 8, what is -13 + 64123?
64110
In base 4, what is -13031303311 + 10022